{"id":36,"date":"2020-04-05T12:38:21","date_gmt":"2020-04-05T10:38:21","guid":{"rendered":"http:\/\/localhost:8080\/?page_id=36"},"modified":"2021-05-20T21:03:37","modified_gmt":"2021-05-20T19:03:37","slug":"projets-et-programmes","status":"publish","type":"page","link":"https:\/\/www.songtaab-yalgre.net\/?page_id=36","title":{"rendered":"Projets et programmes"},"content":{"rendered":"\n<figure class=\"wp-block-table is-style-stripes\"><table class=\"has-fixed-layout\"><thead><tr><th class=\"has-text-align-left\" data-align=\"left\"><strong>Projet<\/strong><\/th><th class=\"has-text-align-center\" data-align=\"center\"><strong>Objectifs du projet<\/strong><\/th><th class=\"has-text-align-center\" data-align=\"center\"><strong>Bailleurs<\/strong><\/th><th class=\"has-text-align-center\" data-align=\"center\"><strong>Montant (FCFA)<\/strong><\/th><th><strong>Subvention<\/strong><\/th><th class=\"has-text-align-center\" data-align=\"center\"><strong>Contribution<br>ASY<\/strong><\/th><\/tr><\/thead><tbody><tr><td class=\"has-text-align-left\" data-align=\"left\">Projet d\u2019Appui \u00e0 la promotion du Commerce Equitable du Karit\u00e9(PACEK) Mis en oeuvre dans le cadre du Projet d\u2019Agriculture Contractuelle et Transition Ecologique(PACTE)<br><strong>Dur\u00e9e:32 mois<br>(Pas encore d\u00e9but\u00e9)<\/strong><\/td><td class=\"has-text-align-center\" data-align=\"center\">L\u2019objectif global du projet est de contribuer au d\u00e9veloppement \u00e9conomique, social inclusif et durable des r\u00e9gions du Nord, Centre-Ouest, Hauts- Bassins et Centre .<\/td><td class=\"has-text-align-center\" data-align=\"center\">Agence Francaise de Developpement (AFD)<br>Et <br>Union Europ\u00e9enne(UE)<\/td><td class=\"has-text-align-center\" data-align=\"center\">160 050 000<\/td><td>52 175 000<\/td><td class=\"has-text-align-center\" data-align=\"center\">107 875 000<\/td><\/tr><tr><td class=\"has-text-align-left\" data-align=\"left\">Projet Karit\u00e9 pour R\u00e9ussir l\u2019Inclusion et la Transition Ecologique au Burkina Faso <br>\u00abProjet Karit\u00e9 au Faso\u00bb<br><strong>Mai 2021 \u2013 Mai 2023<br>(En cours d\u2019ex\u00e9cution)<\/strong><\/td><td class=\"has-text-align-center\" data-align=\"center\">Contribuer \u00e0 l\u2019\u00e9mergence d\u2019entreprises locales et d\u2019une \u00e9conomie responsable gr\u00e2ce \u00e0 une organisation renforc\u00e9e, un d\u00e9veloppement des communaut\u00e9s et une qualit\u00e9 de l\u2019environnement<\/td><td class=\"has-text-align-center\" data-align=\"center\">Agence Fran\u00e7aise de D\u00e9veloppement(AFD) et<br>Commerce Equitable France(CEF) \u00e0 travers le ma\u00eetre d\u2019ouvrage qu\u2019est le consortium CEF et Agronome et V\u00e9t\u00e9rinaires Sans Fronti\u00e8re(AVSF<\/td><td class=\"has-text-align-center\" data-align=\"center\">66 424 649<\/td><td>49 194 649<\/td><td class=\"has-text-align-center\" data-align=\"center\">17 230 000<\/td><\/tr><tr><td class=\"has-text-align-left\" data-align=\"left\">Projet Ecologique de production Intensive et transformation de moringa (PEPIT- Moringa) Mise en \u0153uvre \u00e0 Leguema <strong>Juillet-d\u00e9cembre 2020<\/strong><\/td><td class=\"has-text-align-center\" data-align=\"center\">Contribuer au renforcement de l\u2019action agro\u00e9cologique de production et transformation de moringa pour une am\u00e9lioration de la s\u00e9curit\u00e9 alimentaire et la cr\u00e9ation de revenus compl\u00e9mentaires durables<\/td><td class=\"has-text-align-center\" data-align=\"center\">Ambassade de France<\/td><td class=\"has-text-align-center\" data-align=\"center\">63 713 458<\/td><td>44 899 458<\/td><td class=\"has-text-align-center\" data-align=\"center\">18 814 000<\/td><\/tr><tr><td class=\"has-text-align-left\" data-align=\"left\">PROJET FEMMES<br>EN ACTION CONTRE<br>LE COVID-19<br><strong>\u00abPROFACO-19\u00bb<\/strong><\/td><td class=\"has-text-align-center\" data-align=\"center\">Contribuer<br>efficacement aux<br>initiatives de r\u00e9ponse \u00e0 la pand\u00e9mie COVID-19 des communaut\u00e9s<\/td><td class=\"has-text-align-center\" data-align=\"center\">Projet Voix et Leadership des Femmes de Oxfam Financ\u00e9 par Affaires mondial Canada<\/td><td class=\"has-text-align-center\" data-align=\"center\">2 297 000<\/td><td>2 000 000<\/td><td class=\"has-text-align-center\" data-align=\"center\">297 000<\/td><\/tr><tr><td class=\"has-text-align-left\" data-align=\"left\">Projet de renforcement des capacit\u00e9s commerciales de l\u2019association songtaab yalgre (asy)<br><strong>2018-2020<\/strong><\/td><td class=\"has-text-align-center\" data-align=\"center\">Accroitre les capacit\u00e9s commerciales et de gestion et de gestion de ASY<\/td><td class=\"has-text-align-center\" data-align=\"center\">PCESA\/FAI Subvention avec cofinancement et acc\u00e8s aux facilit\u00e9s bancaires<\/td><td class=\"has-text-align-center\" data-align=\"center\">201 620 000<\/td><td><\/td><td class=\"has-text-align-center\" data-align=\"center\"><\/td><\/tr><tr><td class=\"has-text-align-left\" data-align=\"left\">Commercialisation \u00e9quitable des amandes de karit\u00e9<br><strong>2019<\/strong><\/td><td class=\"has-text-align-center\" data-align=\"center\">Accroitre la capacit\u00e9 de collecte et organisationnel de ASY<\/td><td class=\"has-text-align-center\" data-align=\"center\">AAK Pr\u00e9financement<\/td><td class=\"has-text-align-center\" data-align=\"center\">122 000 000<\/td><td><\/td><td class=\"has-text-align-center\" data-align=\"center\"><\/td><\/tr><tr><td class=\"has-text-align-left\" data-align=\"left\">Commercialisation \u00e9quitable du beurre de karit\u00e9 <br><strong>2003-2019<\/strong><\/td><td class=\"has-text-align-center\" data-align=\"center\">Commercialiser du Beurre de karit\u00e9 \u00e9quitable<\/td><td class=\"has-text-align-center\" data-align=\"center\">KARIDERME \/ FLASH BEAUTE CANADA<\/td><td class=\"has-text-align-center\" data-align=\"center\">100 000 000<\/td><td><\/td><td class=\"has-text-align-center\" data-align=\"center\"><\/td><\/tr><tr><td class=\"has-text-align-left\" data-align=\"left\">Projet Paglabangr\u00e9 <strong>2019-2020<\/strong><\/td><td class=\"has-text-align-center\" data-align=\"center\">Promouvoir une gestion professionnelle des exploitations par le num\u00e9rique<\/td><td class=\"has-text-align-center\" data-align=\"center\">Fondation<br>France s\u2019Engage Subvention pour la Promotion du num\u00e9rique<\/td><td class=\"has-text-align-center\" data-align=\"center\">13 119 140<\/td><td>13 119 140<\/td><td class=\"has-text-align-center\" data-align=\"center\"><\/td><\/tr><tr><td class=\"has-text-align-left\" data-align=\"left\">Valorisation des droits socio-\u00e9conomiques des femmes productrices du karit\u00e9 : cas de Gampela<br><strong>2009-2010<\/strong><\/td><td class=\"has-text-align-center\" data-align=\"center\">Comprendre les causes profondes des difficult\u00e9s d\u2019acc\u00e8s des femmes \u00e0 la terre Mener des actions structurante<\/td><td class=\"has-text-align-center\" data-align=\"center\">KIT-Programme WAGIC Subvention pour des recherche actions sur<\/td><td class=\"has-text-align-center\" data-align=\"center\">26 000 000<\/td><td>26 000 000<\/td><td class=\"has-text-align-center\" data-align=\"center\"><\/td><\/tr><tr><td class=\"has-text-align-left\" data-align=\"left\">Projet certification KARITE BIO appel\u00e9 KARIBIO <br><strong>2003-2007<\/strong><\/td><td class=\"has-text-align-center\" data-align=\"center\">Mettre en place l\u2019unit\u00e9 de production KARIBIO<\/td><td class=\"has-text-align-center\" data-align=\"center\">OXFAM-NOVIB Subvention renforcement de capacit\u00e9<\/td><td class=\"has-text-align-center\" data-align=\"center\">120 000 000<\/td><td>120 000 000<\/td><td class=\"has-text-align-center\" data-align=\"center\"><\/td><\/tr><tr><td class=\"has-text-align-left\" data-align=\"left\">Prix de la banque mondial FRD<br><strong>2006<\/strong><\/td><td class=\"has-text-align-center\" data-align=\"center\">Reconnaitre m\u00e9rites de ASY<\/td><td class=\"has-text-align-center\" data-align=\"center\">BANQUE MONDIALE prix de m\u00e9rite<\/td><td class=\"has-text-align-center\" data-align=\"center\">20 000 000<\/td><td>20 000 000<\/td><td class=\"has-text-align-center\" data-align=\"center\"><\/td><\/tr><tr><td class=\"has-text-align-left\" data-align=\"left\">Projet : Maisons d\u2019informations et de promotion du karit\u00e9 (MIPROKA)<br><strong>2005<\/strong><\/td><td class=\"has-text-align-center\" data-align=\"center\">Promouvoir les NTIC en milieu rural Renforcer les capacit\u00e9s des femmes en NTIC<\/td><td class=\"has-text-align-center\" data-align=\"center\">IICD Subvention<\/td><td class=\"has-text-align-center\" data-align=\"center\">1 000 000<\/td><td><\/td><td class=\"has-text-align-center\" data-align=\"center\"><\/td><\/tr><\/tbody><\/table><\/figure>\n","protected":false},"excerpt":{"rendered":"<p>Projet Objectifs du projet Bailleurs Montant (FCFA) Subvention ContributionASY Projet d\u2019Appui \u00e0 la promotion du Commerce Equitable du Karit\u00e9(PACEK) Mis en oeuvre [&hellip;]<\/p>\n","protected":false},"author":1,"featured_media":0,"parent":0,"menu_order":0,"comment_status":"closed","ping_status":"closed","template":"page-templates\/page_fullwidth.php","meta":{"footnotes":""},"class_list":["post-36","page","type-page","status-publish","hentry"],"_links":{"self":[{"href":"https:\/\/www.songtaab-yalgre.net\/index.php?rest_route=\/wp\/v2\/pages\/36","targetHints":{"allow":["GET"]}}],"collection":[{"href":"https:\/\/www.songtaab-yalgre.net\/index.php?rest_route=\/wp\/v2\/pages"}],"about":[{"href":"https:\/\/www.songtaab-yalgre.net\/index.php?rest_route=\/wp\/v2\/types\/page"}],"author":[{"embeddable":true,"href":"https:\/\/www.songtaab-yalgre.net\/index.php?rest_route=\/wp\/v2\/users\/1"}],"replies":[{"embeddable":true,"href":"https:\/\/www.songtaab-yalgre.net\/index.php?rest_route=%2Fwp%2Fv2%2Fcomments&post=36"}],"version-history":[{"count":8,"href":"https:\/\/www.songtaab-yalgre.net\/index.php?rest_route=\/wp\/v2\/pages\/36\/revisions"}],"predecessor-version":[{"id":345,"href":"https:\/\/www.songtaab-yalgre.net\/index.php?rest_route=\/wp\/v2\/pages\/36\/revisions\/345"}],"wp:attachment":[{"href":"https:\/\/www.songtaab-yalgre.net\/index.php?rest_route=%2Fwp%2Fv2%2Fmedia&parent=36"}],"curies":[{"name":"wp","href":"https:\/\/api.w.org\/{rel}","templated":true}]}}